{"id":448,"date":"2020-12-07T12:11:33","date_gmt":"2020-12-07T11:11:33","guid":{"rendered":"http:\/\/agricolasandonato.it\/site\/home-2\/"},"modified":"2025-07-08T06:39:10","modified_gmt":"2025-07-08T04:39:10","slug":"home-it","status":"publish","type":"page","link":"https:\/\/agricolasandonato.it\/site\/it\/","title":{"rendered":"Home &#8211; IT"},"content":{"rendered":"\t\t<div data-elementor-type=\"wp-page\" data-elementor-id=\"448\" class=\"elementor elementor-448\">\n\t\t\t\t\t\t<section class=\"elementor-section elementor-top-section elementor-element elementor-element-c50838b elementor-section-boxed elementor-section-height-default elementor-section-height-default\" data-id=\"c50838b\" data-element_type=\"section\" data-settings=\"{&quot;background_background&quot;:&quot;slideshow&quot;,&quot;background_slideshow_gallery&quot;:[{&quot;id&quot;:849,&quot;url&quot;:&quot;https:\\\/\\\/agricolasandonato.it\\\/site\\\/wp-content\\\/uploads\\\/2020\\\/11\\\/panoramica-serra-recente.jpg&quot;},{&quot;id&quot;:1549,&quot;url&quot;:&quot;https:\\\/\\\/agricolasandonato.it\\\/site\\\/wp-content\\\/uploads\\\/2020\\\/12\\\/raccolta.png&quot;},{&quot;id&quot;:722,&quot;url&quot;:&quot;https:\\\/\\\/agricolasandonato.it\\\/site\\\/wp-content\\\/uploads\\\/2020\\\/11\\\/campo-aperto-rav.jpg&quot;},{&quot;id&quot;:1329,&quot;url&quot;:&quot;https:\\\/\\\/agricolasandonato.it\\\/site\\\/wp-content\\\/uploads\\\/2020\\\/12\\\/vivaio-cipolla-tropea.png&quot;}],&quot;background_slideshow_transition_duration&quot;:1500,&quot;background_slideshow_loop&quot;:&quot;yes&quot;,&quot;background_slideshow_slide_duration&quot;:5000,&quot;background_slideshow_slide_transition&quot;:&quot;fade&quot;}\">\n\t\t\t\t\t\t\t<div class=\"elementor-background-overlay\"><\/div>\n\t\t\t\t\t\t\t<div class=\"elementor-container elementor-column-gap-default\">\n\t\t\t\t\t<div class=\"elementor-column elementor-col-100 elementor-top-column elementor-element elementor-element-f5c644c\" data-id=\"f5c644c\" data-element_type=\"column\">\n\t\t\t<div class=\"elementor-widget-wrap elementor-element-populated\">\n\t\t\t\t\t\t<div class=\"elementor-element elementor-element-f448439 elementor-widget elementor-widget-image\" data-id=\"f448439\" data-element_type=\"widget\" data-widget_type=\"image.default\">\n\t\t\t\t<div class=\"elementor-widget-container\">\n\t\t\t\t\t\t\t\t\t\t\t\t\t<img fetchpriority=\"high\" decoding=\"async\" width=\"456\" height=\"148\" src=\"https:\/\/agricolasandonato.it\/site\/wp-content\/uploads\/2020\/11\/asd_home-1.png\" class=\"attachment-large size-large wp-image-916\" alt=\"\" srcset=\"https:\/\/agricolasandonato.it\/site\/wp-content\/uploads\/2020\/11\/asd_home-1.png 456w, https:\/\/agricolasandonato.it\/site\/wp-content\/uploads\/2020\/11\/asd_home-1-300x97.png 300w, https:\/\/agricolasandonato.it\/site\/wp-content\/uploads\/2020\/11\/asd_home-1-250x81.png 250w\" sizes=\"(max-width: 456px) 100vw, 456px\" \/>\t\t\t\t\t\t\t\t\t\t\t\t\t<\/div>\n\t\t\t\t<\/div>\n\t\t\t\t<div class=\"elementor-element elementor-element-2929789 elementor-widget-divider--view-line elementor-widget elementor-widget-divider\" data-id=\"2929789\" data-element_type=\"widget\" data-widget_type=\"divider.default\">\n\t\t\t\t<div class=\"elementor-widget-container\">\n\t\t\t\t\t<div class=\"elementor-divider\">\n\t\t\t<span class=\"elementor-divider-separator\">\n\t\t\t\t\t\t<\/span>\n\t\t<\/div>\n\t\t\t\t<\/div>\n\t\t\t\t<\/div>\n\t\t\t\t\t<\/div>\n\t\t<\/div>\n\t\t\t\t\t<\/div>\n\t\t<\/section>\n\t\t\t\t<section class=\"elementor-section elementor-top-section elementor-element elementor-element-01ffef0 elementor-section-boxed elementor-section-height-default elementor-section-height-default\" data-id=\"01ffef0\" data-element_type=\"section\">\n\t\t\t\t\t\t<div class=\"elementor-container elementor-column-gap-default\">\n\t\t\t\t\t<div class=\"elementor-column elementor-col-100 elementor-top-column elementor-element elementor-element-0aa0836\" data-id=\"0aa0836\" data-element_type=\"column\" data-settings=\"{&quot;background_background&quot;:&quot;slideshow&quot;,&quot;background_slideshow_gallery&quot;:[],&quot;background_slideshow_loop&quot;:&quot;yes&quot;,&quot;background_slideshow_slide_duration&quot;:5000,&quot;background_slideshow_slide_transition&quot;:&quot;fade&quot;,&quot;background_slideshow_transition_duration&quot;:500}\">\n\t\t\t<div class=\"elementor-widget-wrap elementor-element-populated\">\n\t\t\t\t\t\t<section class=\"elementor-section elementor-inner-section elementor-element elementor-element-5415cda elementor-section-boxed elementor-section-height-default elementor-section-height-default\" data-id=\"5415cda\" data-element_type=\"section\">\n\t\t\t\t\t\t<div class=\"elementor-container elementor-column-gap-default\">\n\t\t\t\t\t<div class=\"elementor-column elementor-col-50 elementor-inner-column elementor-element elementor-element-2c614c4\" data-id=\"2c614c4\" data-element_type=\"column\">\n\t\t\t<div class=\"elementor-widget-wrap elementor-element-populated\">\n\t\t\t\t\t\t<div class=\"elementor-element elementor-element-7da6c6c elementor-widget elementor-widget-image\" data-id=\"7da6c6c\" data-element_type=\"widget\" data-widget_type=\"image.default\">\n\t\t\t\t<div class=\"elementor-widget-container\">\n\t\t\t\t\t\t\t\t\t\t\t\t\t\t<a href=\"#company\">\n\t\t\t\t\t\t\t<img decoding=\"async\" width=\"600\" height=\"237\" src=\"https:\/\/agricolasandonato.it\/site\/wp-content\/uploads\/2020\/11\/Logo_ASD.png\" class=\"attachment-full size-full wp-image-1238\" alt=\"\" srcset=\"https:\/\/agricolasandonato.it\/site\/wp-content\/uploads\/2020\/11\/Logo_ASD.png 600w, https:\/\/agricolasandonato.it\/site\/wp-content\/uploads\/2020\/11\/Logo_ASD-300x119.png 300w\" sizes=\"(max-width: 600px) 100vw, 600px\" \/>\t\t\t\t\t\t\t\t<\/a>\n\t\t\t\t\t\t\t\t\t\t\t\t\t<\/div>\n\t\t\t\t<\/div>\n\t\t\t\t<div class=\"elementor-element elementor-element-ba141ea elementor-widget elementor-widget-image-box\" data-id=\"ba141ea\" data-element_type=\"widget\" data-widget_type=\"image-box.default\">\n\t\t\t\t<div class=\"elementor-widget-container\">\n\t\t\t<div class=\"elementor-image-box-wrapper\"><div class=\"elementor-image-box-content\"><h5 class=\"elementor-image-box-title\">PRODUZIONE PRIMARIA E CONFEZIONAMENTO<\/h5><\/div><\/div>\t\t<\/div>\n\t\t\t\t<\/div>\n\t\t\t\t<div class=\"elementor-element elementor-element-4cc62c7 elementor-align-center elementor-widget elementor-widget-button\" data-id=\"4cc62c7\" data-element_type=\"widget\" data-widget_type=\"button.default\">\n\t\t\t\t<div class=\"elementor-widget-container\">\n\t\t\t\t\t<div class=\"elementor-button-wrapper\">\n\t\t\t<a class=\"elementor-button elementor-button-link elementor-size-sm\" href=\"#company\">\n\t\t\t\t\t\t<span class=\"elementor-button-content-wrapper\">\n\t\t\t\t\t\t<span class=\"elementor-button-icon\">\n\t\t\t\t<i aria-hidden=\"true\" class=\"fas fa-long-arrow-alt-right\"><\/i>\t\t\t<\/span>\n\t\t\t\t\t\t\t\t\t<span class=\"elementor-button-text\">Scopri di pi\u00f9<\/span>\n\t\t\t\t\t<\/span>\n\t\t\t\t\t<\/a>\n\t\t<\/div>\n\t\t\t\t<\/div>\n\t\t\t\t<\/div>\n\t\t\t\t\t<\/div>\n\t\t<\/div>\n\t\t\t\t<div class=\"elementor-column elementor-col-50 elementor-inner-column elementor-element elementor-element-1aaf044\" data-id=\"1aaf044\" data-element_type=\"column\">\n\t\t\t<div class=\"elementor-widget-wrap elementor-element-populated\">\n\t\t\t\t\t\t<div class=\"elementor-element elementor-element-0cc4d06 elementor-widget elementor-widget-image\" data-id=\"0cc4d06\" data-element_type=\"widget\" data-widget_type=\"image.default\">\n\t\t\t\t<div class=\"elementor-widget-container\">\n\t\t\t\t\t\t\t\t\t\t\t\t\t\t<a href=\"https:\/\/agricolasandonato.it\/site\/nursery\/\">\n\t\t\t\t\t\t\t<img decoding=\"async\" width=\"600\" height=\"237\" src=\"https:\/\/agricolasandonato.it\/site\/wp-content\/uploads\/2020\/11\/Logo_Vivaio.png\" class=\"attachment-full size-full wp-image-1239\" alt=\"\" srcset=\"https:\/\/agricolasandonato.it\/site\/wp-content\/uploads\/2020\/11\/Logo_Vivaio.png 600w, https:\/\/agricolasandonato.it\/site\/wp-content\/uploads\/2020\/11\/Logo_Vivaio-300x119.png 300w\" sizes=\"(max-width: 600px) 100vw, 600px\" \/>\t\t\t\t\t\t\t\t<\/a>\n\t\t\t\t\t\t\t\t\t\t\t\t\t<\/div>\n\t\t\t\t<\/div>\n\t\t\t\t<div class=\"elementor-element elementor-element-7c7a6b0 elementor-widget elementor-widget-image-box\" data-id=\"7c7a6b0\" data-element_type=\"widget\" data-widget_type=\"image-box.default\">\n\t\t\t\t<div class=\"elementor-widget-container\">\n\t\t\t<div class=\"elementor-image-box-wrapper\"><div class=\"elementor-image-box-content\"><h5 class=\"elementor-image-box-title\">PRODUZIONE VIVAISTICA DI PIANTE ORTICOLE<\/h5><\/div><\/div>\t\t<\/div>\n\t\t\t\t<\/div>\n\t\t\t\t<div class=\"elementor-element elementor-element-874b8fb elementor-align-center elementor-widget elementor-widget-button\" data-id=\"874b8fb\" data-element_type=\"widget\" data-widget_type=\"button.default\">\n\t\t\t\t<div class=\"elementor-widget-container\">\n\t\t\t\t\t<div class=\"elementor-button-wrapper\">\n\t\t\t<a class=\"elementor-button elementor-button-link elementor-size-sm\" href=\"https:\/\/vivaioagricolasandonato.it\/it\/\">\n\t\t\t\t\t\t<span class=\"elementor-button-content-wrapper\">\n\t\t\t\t\t\t<span class=\"elementor-button-icon\">\n\t\t\t\t<i aria-hidden=\"true\" class=\"fas fa-long-arrow-alt-right\"><\/i>\t\t\t<\/span>\n\t\t\t\t\t\t\t\t\t<span class=\"elementor-button-text\">Scopri di pi\u00f9<\/span>\n\t\t\t\t\t<\/span>\n\t\t\t\t\t<\/a>\n\t\t<\/div>\n\t\t\t\t<\/div>\n\t\t\t\t<\/div>\n\t\t\t\t\t<\/div>\n\t\t<\/div>\n\t\t\t\t\t<\/div>\n\t\t<\/section>\n\t\t\t\t\t<\/div>\n\t\t<\/div>\n\t\t\t\t\t<\/div>\n\t\t<\/section>\n\t\t\t\t<section class=\"elementor-section elementor-top-section elementor-element elementor-element-427324f elementor-section-boxed elementor-section-height-default elementor-section-height-default\" data-id=\"427324f\" data-element_type=\"section\" data-settings=\"{&quot;background_background&quot;:&quot;classic&quot;}\">\n\t\t\t\t\t\t\t<div class=\"elementor-background-overlay\"><\/div>\n\t\t\t\t\t\t\t<div class=\"elementor-container elementor-column-gap-default\">\n\t\t\t\t\t<div class=\"elementor-column elementor-col-100 elementor-top-column elementor-element elementor-element-1c3a5ba\" data-id=\"1c3a5ba\" data-element_type=\"column\">\n\t\t\t<div class=\"elementor-widget-wrap elementor-element-populated\">\n\t\t\t\t\t\t<div class=\"elementor-element elementor-element-dfd18fd elementor-widget elementor-widget-menu-anchor\" data-id=\"dfd18fd\" data-element_type=\"widget\" data-widget_type=\"menu-anchor.default\">\n\t\t\t\t<div class=\"elementor-widget-container\">\n\t\t\t\t\t<div class=\"elementor-menu-anchor\" id=\"company\"><\/div>\n\t\t\t\t<\/div>\n\t\t\t\t<\/div>\n\t\t\t\t<div class=\"elementor-element elementor-element-903dcf2 elementor-widget elementor-widget-heading\" data-id=\"903dcf2\" data-element_type=\"widget\" data-widget_type=\"heading.default\">\n\t\t\t\t<div class=\"elementor-widget-container\">\n\t\t\t<h2 class=\"elementor-heading-title elementor-size-default\">l'azienda agricola<\/h2>\t\t<\/div>\n\t\t\t\t<\/div>\n\t\t\t\t<div class=\"elementor-element elementor-element-1694eb3 elementor-widget-divider--view-line elementor-widget elementor-widget-divider\" data-id=\"1694eb3\" data-element_type=\"widget\" data-widget_type=\"divider.default\">\n\t\t\t\t<div class=\"elementor-widget-container\">\n\t\t\t\t\t<div class=\"elementor-divider\">\n\t\t\t<span class=\"elementor-divider-separator\">\n\t\t\t\t\t\t<\/span>\n\t\t<\/div>\n\t\t\t\t<\/div>\n\t\t\t\t<\/div>\n\t\t\t\t<div class=\"elementor-element elementor-element-c07d6ad elementor-widget elementor-widget-text-editor\" data-id=\"c07d6ad\" data-element_type=\"widget\" data-widget_type=\"text-editor.default\">\n\t\t\t\t<div class=\"elementor-widget-container\">\n\t\t\t\t\t\t\t<p>Agricola San Donato nasce nel 2005 nel cuore dell\u2019 Agro Pontino nel comune di Sabaudia in provincia di Latina. Siamo specializzati nella produzione di ravanello tondo rosso, durante tutto l\u2019anno. Esperienza e competenza, hanno consentito negli anni la realizzazione di strutture protette e tecnologicamente avanzate per una superficie di 35 Ha. I prodotti vengono lavorati e confezionati all\u2019interno del nostro magazzino di manipolazione, pronti per essere commercializzati. La presenza sul mercato italiano ed estero rappresenta una garanzia di qualit\u00e0 della nostra produzione.<\/p>\t\t\t\t\t\t<\/div>\n\t\t\t\t<\/div>\n\t\t\t\t\t<\/div>\n\t\t<\/div>\n\t\t\t\t\t<\/div>\n\t\t<\/section>\n\t\t\t\t<section class=\"elementor-section elementor-top-section elementor-element elementor-element-dbd5fc8 elementor-section-boxed elementor-section-height-default elementor-section-height-default\" data-id=\"dbd5fc8\" data-element_type=\"section\" data-settings=\"{&quot;background_background&quot;:&quot;classic&quot;}\">\n\t\t\t\t\t\t<div class=\"elementor-container elementor-column-gap-default\">\n\t\t\t\t\t<div class=\"elementor-column elementor-col-100 elementor-top-column elementor-element elementor-element-a92cfd9\" data-id=\"a92cfd9\" data-element_type=\"column\">\n\t\t\t<div class=\"elementor-widget-wrap elementor-element-populated\">\n\t\t\t\t\t\t<div class=\"elementor-element elementor-element-251f0d5 elementor-widget elementor-widget-menu-anchor\" data-id=\"251f0d5\" data-element_type=\"widget\" data-widget_type=\"menu-anchor.default\">\n\t\t\t\t<div class=\"elementor-widget-container\">\n\t\t\t\t\t<div class=\"elementor-menu-anchor\" id=\"products\"><\/div>\n\t\t\t\t<\/div>\n\t\t\t\t<\/div>\n\t\t\t\t<div class=\"elementor-element elementor-element-65ab451 elementor-widget elementor-widget-heading\" data-id=\"65ab451\" data-element_type=\"widget\" data-widget_type=\"heading.default\">\n\t\t\t\t<div class=\"elementor-widget-container\">\n\t\t\t<h2 class=\"elementor-heading-title elementor-size-default\">I nostri prodotti<\/h2>\t\t<\/div>\n\t\t\t\t<\/div>\n\t\t\t\t<div class=\"elementor-element elementor-element-a18474e elementor-widget elementor-widget-text-editor\" data-id=\"a18474e\" data-element_type=\"widget\" data-widget_type=\"text-editor.default\">\n\t\t\t\t<div class=\"elementor-widget-container\">\n\t\t\t\t\t\t\t<p>L&#8217;impegno durante le diverse fasi di produzione, garantiscono freschezza ai prodotti anche dopo lunghi viaggi. La nostra filosofia \u00e8 coniugare innovazione e professionalit\u00e0 per il raggiungimento della qualit\u00e0 nel tempo.<\/p>\t\t\t\t\t\t<\/div>\n\t\t\t\t<\/div>\n\t\t\t\t<div class=\"elementor-element elementor-element-9114134 elementor-widget elementor-widget-shortcode\" data-id=\"9114134\" data-element_type=\"widget\" data-widget_type=\"shortcode.default\">\n\t\t\t\t<div class=\"elementor-widget-container\">\n\t\t\t\t\t<div class=\"elementor-shortcode\"><div class=\"woocommerce columns-3\"><ul class=\"products columns-3\">\n<li class=\"product-category product first\">\n\t<a aria-label=\"Visita categoria del prodotto Defoliated radishes\" href=\"https:\/\/agricolasandonato.it\/site\/en\/categoria-prodotto\/radish-bulk\/\"><img loading=\"lazy\" decoding=\"async\" src=\"https:\/\/agricolasandonato.it\/site\/wp-content\/uploads\/2020\/12\/ravanello-sfuso-300x300.png\" alt=\"Defoliated radishes\" width=\"300\" height=\"300\" srcset=\"https:\/\/agricolasandonato.it\/site\/wp-content\/uploads\/2020\/12\/ravanello-sfuso-300x300.png 300w, https:\/\/agricolasandonato.it\/site\/wp-content\/uploads\/2020\/12\/ravanello-sfuso-100x100.png 100w, https:\/\/agricolasandonato.it\/site\/wp-content\/uploads\/2020\/12\/ravanello-sfuso-150x150.png 150w\" sizes=\"(max-width: 300px) 100vw, 300px\" \/>\t\t<h2 class=\"woocommerce-loop-category__title\">\n\t\t\tDefoliated radishes<mark class=\"count\">10 prodotti<\/mark>\t\t<\/h2>\n\t\t<\/a><\/li>\n<li class=\"product-category product\">\n\t<a aria-label=\"Visita categoria del prodotto Green beans\" href=\"https:\/\/agricolasandonato.it\/site\/en\/categoria-prodotto\/green-beans\/\"><img loading=\"lazy\" decoding=\"async\" src=\"https:\/\/agricolasandonato.it\/site\/wp-content\/uploads\/2020\/11\/logo-corallo-q-300x300.png\" alt=\"Green beans\" width=\"300\" height=\"300\" srcset=\"https:\/\/agricolasandonato.it\/site\/wp-content\/uploads\/2020\/11\/logo-corallo-q-300x300.png 300w, https:\/\/agricolasandonato.it\/site\/wp-content\/uploads\/2020\/11\/logo-corallo-q-100x100.png 100w, https:\/\/agricolasandonato.it\/site\/wp-content\/uploads\/2020\/11\/logo-corallo-q-600x600.png 600w, https:\/\/agricolasandonato.it\/site\/wp-content\/uploads\/2020\/11\/logo-corallo-q-150x150.png 150w, https:\/\/agricolasandonato.it\/site\/wp-content\/uploads\/2020\/11\/logo-corallo-q-768x768.png 768w, https:\/\/agricolasandonato.it\/site\/wp-content\/uploads\/2020\/11\/logo-corallo-q.png 833w\" sizes=\"(max-width: 300px) 100vw, 300px\" \/>\t\t<h2 class=\"woocommerce-loop-category__title\">\n\t\t\tGreen beans<mark class=\"count\">2 prodotti<\/mark>\t\t<\/h2>\n\t\t<\/a><\/li>\n<li class=\"product-category product last\">\n\t<a aria-label=\"Visita categoria del prodotto Zzi radishes\" href=\"https:\/\/agricolasandonato.it\/site\/en\/categoria-prodotto\/radish-a-bunch\/\"><img loading=\"lazy\" decoding=\"async\" src=\"https:\/\/agricolasandonato.it\/site\/wp-content\/uploads\/2020\/11\/ravanello-a-mazzi-300x300.png\" alt=\"Zzi radishes\" width=\"300\" height=\"300\" srcset=\"https:\/\/agricolasandonato.it\/site\/wp-content\/uploads\/2020\/11\/ravanello-a-mazzi-300x300.png 300w, https:\/\/agricolasandonato.it\/site\/wp-content\/uploads\/2020\/11\/ravanello-a-mazzi-100x100.png 100w, https:\/\/agricolasandonato.it\/site\/wp-content\/uploads\/2020\/11\/ravanello-a-mazzi-150x150.png 150w\" sizes=\"(max-width: 300px) 100vw, 300px\" \/>\t\t<h2 class=\"woocommerce-loop-category__title\">\n\t\t\tZzi radishes<mark class=\"count\">2 prodotti<\/mark>\t\t<\/h2>\n\t\t<\/a><\/li>\n<li class=\"product-category product first\">\n\t<a aria-label=\"Visita categoria del prodotto Ravanelli a mazzi\" href=\"https:\/\/agricolasandonato.it\/site\/it\/categoria-prodotto\/ravanello-a-mazzetto\/\"><img loading=\"lazy\" decoding=\"async\" src=\"https:\/\/agricolasandonato.it\/site\/wp-content\/uploads\/2020\/11\/ravanello-a-mazzi-300x300.png\" alt=\"Ravanelli a mazzi\" width=\"300\" height=\"300\" srcset=\"https:\/\/agricolasandonato.it\/site\/wp-content\/uploads\/2020\/11\/ravanello-a-mazzi-300x300.png 300w, https:\/\/agricolasandonato.it\/site\/wp-content\/uploads\/2020\/11\/ravanello-a-mazzi-100x100.png 100w, https:\/\/agricolasandonato.it\/site\/wp-content\/uploads\/2020\/11\/ravanello-a-mazzi-150x150.png 150w\" sizes=\"(max-width: 300px) 100vw, 300px\" \/>\t\t<h2 class=\"woocommerce-loop-category__title\">\n\t\t\tRavanelli a mazzi<mark class=\"count\">2 prodotti<\/mark>\t\t<\/h2>\n\t\t<\/a><\/li>\n<li class=\"product-category product\">\n\t<a aria-label=\"Visita categoria del prodotto Ravanelli defogliati\" href=\"https:\/\/agricolasandonato.it\/site\/it\/categoria-prodotto\/ravanello-sfuso\/\"><img loading=\"lazy\" decoding=\"async\" src=\"https:\/\/agricolasandonato.it\/site\/wp-content\/uploads\/2020\/12\/ravanello-sfuso-300x300.png\" alt=\"Ravanelli defogliati\" width=\"300\" height=\"300\" srcset=\"https:\/\/agricolasandonato.it\/site\/wp-content\/uploads\/2020\/12\/ravanello-sfuso-300x300.png 300w, https:\/\/agricolasandonato.it\/site\/wp-content\/uploads\/2020\/12\/ravanello-sfuso-100x100.png 100w, https:\/\/agricolasandonato.it\/site\/wp-content\/uploads\/2020\/12\/ravanello-sfuso-150x150.png 150w\" sizes=\"(max-width: 300px) 100vw, 300px\" \/>\t\t<h2 class=\"woocommerce-loop-category__title\">\n\t\t\tRavanelli defogliati<mark class=\"count\">10 prodotti<\/mark>\t\t<\/h2>\n\t\t<\/a><\/li>\n<li class=\"product-category product last\">\n\t<a aria-label=\"Visita categoria del prodotto Fagiolino\" href=\"https:\/\/agricolasandonato.it\/site\/it\/categoria-prodotto\/fagiolino\/\"><img loading=\"lazy\" decoding=\"async\" src=\"https:\/\/agricolasandonato.it\/site\/wp-content\/uploads\/2020\/11\/logo-corallo-q-300x300.png\" alt=\"Fagiolino\" width=\"300\" height=\"300\" srcset=\"https:\/\/agricolasandonato.it\/site\/wp-content\/uploads\/2020\/11\/logo-corallo-q-300x300.png 300w, https:\/\/agricolasandonato.it\/site\/wp-content\/uploads\/2020\/11\/logo-corallo-q-100x100.png 100w, https:\/\/agricolasandonato.it\/site\/wp-content\/uploads\/2020\/11\/logo-corallo-q-600x600.png 600w, https:\/\/agricolasandonato.it\/site\/wp-content\/uploads\/2020\/11\/logo-corallo-q-150x150.png 150w, https:\/\/agricolasandonato.it\/site\/wp-content\/uploads\/2020\/11\/logo-corallo-q-768x768.png 768w, https:\/\/agricolasandonato.it\/site\/wp-content\/uploads\/2020\/11\/logo-corallo-q.png 833w\" sizes=\"(max-width: 300px) 100vw, 300px\" \/>\t\t<h2 class=\"woocommerce-loop-category__title\">\n\t\t\tFagiolino<mark class=\"count\">2 prodotti<\/mark>\t\t<\/h2>\n\t\t<\/a><\/li>\n<\/ul>\n<\/div><\/div>\n\t\t\t\t<\/div>\n\t\t\t\t<\/div>\n\t\t\t\t<div class=\"elementor-element elementor-element-28657d3 elementor-align-center elementor-mobile-align-center elementor-widget__width-inherit elementor-widget elementor-widget-button\" data-id=\"28657d3\" data-element_type=\"widget\" data-widget_type=\"button.default\">\n\t\t\t\t<div class=\"elementor-widget-container\">\n\t\t\t\t\t<div class=\"elementor-button-wrapper\">\n\t\t\t<a class=\"elementor-button elementor-button-link elementor-size-sm\" href=\"https:\/\/agricolasandonato.it\/site\/products\/\">\n\t\t\t\t\t\t<span class=\"elementor-button-content-wrapper\">\n\t\t\t\t\t\t<span class=\"elementor-button-icon\">\n\t\t\t\t<i aria-hidden=\"true\" class=\"fas fa-long-arrow-alt-right\"><\/i>\t\t\t<\/span>\n\t\t\t\t\t\t\t\t\t<span class=\"elementor-button-text\">Tutte le produzioni<\/span>\n\t\t\t\t\t<\/span>\n\t\t\t\t\t<\/a>\n\t\t<\/div>\n\t\t\t\t<\/div>\n\t\t\t\t<\/div>\n\t\t\t\t\t<\/div>\n\t\t<\/div>\n\t\t\t\t\t<\/div>\n\t\t<\/section>\n\t\t\t\t<\/div>\n\t\t","protected":false},"excerpt":{"rendered":"<p>PRODUZIONE PRIMARIA E CONFEZIONAMENTO Scopri di pi\u00f9 PRODUZIONE VIVAISTICA DI PIANTE ORTICOLE Scopri di pi\u00f9 l&#8217;azienda agricola Agricola San Donato nasce nel 2005 nel cuore dell\u2019 Agro Pontino nel comune di Sabaudia in provincia di Latina. Siamo specializzati nella produzione di ravanello tondo rosso, durante tutto l\u2019anno. Esperienza e competenza, hanno consentito negli anni la [&hellip;]<\/p>\n","protected":false},"author":2,"featured_media":0,"parent":0,"menu_order":0,"comment_status":"closed","ping_status":"closed","template":"","meta":{"site-sidebar-layout":"no-sidebar","site-content-layout":"page-builder","ast-site-content-layout":"","site-content-style":"default","site-sidebar-style":"default","ast-global-header-display":"","ast-banner-title-visibility":"","ast-main-header-display":"","ast-hfb-above-header-display":"","ast-hfb-below-header-display":"","ast-hfb-mobile-header-display":"","site-post-title":"disabled","ast-breadcrumbs-content":"","ast-featured-img":"disabled","footer-sml-layout":"","theme-transparent-header-meta":"enabled","adv-header-id-meta":"","stick-header-meta":"default","header-above-stick-meta":"","header-main-stick-meta":"","header-below-stick-meta":"","astra-migrate-meta-layouts":"default","ast-page-background-enabled":"default","ast-page-background-meta":{"desktop":{"background-color":"","background-image":"","background-repeat":"repeat","background-position":"center center","background-size":"auto","background-attachment":"scroll","background-type":"","background-media":"","overlay-type":"","overlay-color":"","overlay-gradient":""},"tablet":{"background-color":"","background-image":"","background-repeat":"repeat","background-position":"center center","background-size":"auto","background-attachment":"scroll","background-type":"","background-media":"","overlay-type":"","overlay-color":"","overlay-gradient":""},"mobile":{"background-color":"","background-image":"","background-repeat":"repeat","background-position":"center center","background-size":"auto","background-attachment":"scroll","background-type":"","background-media":"","overlay-type":"","overlay-color":"","overlay-gradient":""}},"ast-content-background-meta":{"desktop":{"background-color":"var(--ast-global-color-5)","background-image":"","background-repeat":"repeat","background-position":"center center","background-size":"auto","background-attachment":"scroll","background-type":"","background-media":"","overlay-type":"","overlay-color":"","overlay-gradient":""},"tablet":{"background-color":"var(--ast-global-color-5)","background-image":"","background-repeat":"repeat","background-position":"center center","background-size":"auto","background-attachment":"scroll","background-type":"","background-media":"","overlay-type":"","overlay-color":"","overlay-gradient":""},"mobile":{"background-color":"var(--ast-global-color-5)","background-image":"","background-repeat":"repeat","background-position":"center center","background-size":"auto","background-attachment":"scroll","background-type":"","background-media":"","overlay-type":"","overlay-color":"","overlay-gradient":""}},"footnotes":""},"class_list":["post-448","page","type-page","status-publish","hentry"],"_links":{"self":[{"href":"https:\/\/agricolasandonato.it\/site\/wp-json\/wp\/v2\/pages\/448","targetHints":{"allow":["GET"]}}],"collection":[{"href":"https:\/\/agricolasandonato.it\/site\/wp-json\/wp\/v2\/pages"}],"about":[{"href":"https:\/\/agricolasandonato.it\/site\/wp-json\/wp\/v2\/types\/page"}],"author":[{"embeddable":true,"href":"https:\/\/agricolasandonato.it\/site\/wp-json\/wp\/v2\/users\/2"}],"replies":[{"embeddable":true,"href":"https:\/\/agricolasandonato.it\/site\/wp-json\/wp\/v2\/comments?post=448"}],"version-history":[{"count":303,"href":"https:\/\/agricolasandonato.it\/site\/wp-json\/wp\/v2\/pages\/448\/revisions"}],"predecessor-version":[{"id":1782,"href":"https:\/\/agricolasandonato.it\/site\/wp-json\/wp\/v2\/pages\/448\/revisions\/1782"}],"wp:attachment":[{"href":"https:\/\/agricolasandonato.it\/site\/wp-json\/wp\/v2\/media?parent=448"}],"curies":[{"name":"wp","href":"https:\/\/api.w.org\/{rel}","templated":true}]}}